o be a(-2). Give t(o).
-10
Suppose 3*f - 2*m - 15 = 0, 5*m + 11 = -4*f + 54. Let g(t) = -t**3 + 6*t**2 + 7*t - 8. Give g(f).
-8
Let y(t) = 2*t + 7. Let o(w) = -w - 3. Let h(g) = -11*o(g) - 6*y(g). Determine h(0).
-9
Let b(p) = 11*p**2. Let u(f) = -f**3 - 2*f**2 + 3*f - 1. Let a be u(-3). Determine b(a).
11
Suppose -21*l = -22*l + 9. Let k(j) = 2*j - 3. What is k(l)?
15
Let p be (-6)/3 + (-4)/(-2). Let i(s) = 2 + p*s + 0*s + 0*s + s. What is i(4)?
6
Let b(a) = a**3 - 2*a**2 + 2*a - 4. Let z be b(2). Let w(q) = q - 6. What is w(z)?
-6
Suppose -b = o + 18, -o - 1 = 5*b + 17. Let a be 2/(-7) - o/63. Let s(d) = -d**2 + d - 2. Calculate s(a).
-2
Let c(b) = 5*b**2 - 7*b - 5. Let l(x) = -x**2 + x + 1. Let j(d) = -c(d) - 6*l(d). What is j(1)?
1
Let c be (-4)/(0 + 2) + 63. Let s = c + -35. Suppose 2 = -2*q + 3*t, 5*q + s = -0*t - 3*t. Let a(m) = -m**2 - 2*m + 3. Determine a(q).
-5
Let d(o) = 9 - 4 + 2 - 10 - 7*o. Give d(-2).
11
Let j(d) be the second derivative of -d**5/20 + d**3/6 - 7*d. Let a(t) = 5*t**3 - 4*t**2 - 2*t - 3. Let s(n) = -a(n) - 4*j(n). Let g = -1 - -4. Give s(g).
6
Let b(r) = -4*r + 117*r**2 + 4*r - 121*r**2. Give b(2).
-16
Let d = -60 - -68. Let y(m) = m**2 - 10*m + 12. Give y(d).
-4
Let r(g) be the second derivative of -1/2*g**2 + 1/3*g**3 + 1/4*g**4 + 3*g + 0. Determine r(-2).
7
Let a(o) = o**2 + 13*o - 28. Let i be a(-15). Let l(v) = v**2 - 5*v + 1. Calculate l(i).
-5
Suppose -12 = 2*y + y. Let s(q) = 3*q - 4. Determine s(y).
-16
Let s(i) = -i + 2 + 4*i - 1. Suppose 3*g - 20 = -5*m, 6*g - 18 = 2*m + 2*g. Calculate s(m).
4
Let p(b) be the second derivative of -b**6/720 - b**5/60 + 5*b**4/12 - 5*b. Let a(l) be the third derivative of p(l). Calculate a(-2).
0
Let m(p) = -1. Let r(v) = -7*v. Let t(x) = -m(x) + r(x). Let j(f) = f**2 - 7*f - 1. Let g be j(7). Determine t(g).
8
Let s(d) be the third derivative of -d**7/1680 - d**6/360 + d**5/30 - d**2. Let a(f) be the third derivative of s(f). What is a(-4)?
10
Let r(p) = -p**3 + 7*p**2 + 7*p + 9. Let s be r(8). Let i(l) = 21*l - 7*l - s - 13*l. Give i(6).
5
Let f be (-12)/(-3)*9/18. Let q(r) be the second derivative of -r + 1/6*r**4 + 0 - 1/2*r**f - 1/2*r**3. What is q(3)?
8
Let l(s) = s**3 + 3*s**2 - 4*s + 3. Suppose -6*j = -0*j + 24. Give l(j).
3
Let n(v) = 6*v + 3. Suppose -3*p - 4*j + 21 = 0, -5*p + 35 - 5 = 5*j. Let f = p + 4. Let b be 0/(-1) - (f + -5). What is n(b)?
-9
Let i(t) be the first derivative of t**4/12 - 5*t**3/6 + 2*t**2 + 4*t - 5. Let m(a) be the first derivative of i(a). Calculate m(3).
-2
Let i(j) = j**3 + 0 + 3*j + 3 + 3 + 5*j**2. Let n = 21 - 13. Suppose 0 = 3*y + n + 7. Calculate i(y).
-9
Let a(q) = q**3 + 2*q**2 - q - 1. Let j(w) = -w**3 + 6*w**2 + 8*w - 8. Let o be j(7). Let x = o - 1. Determine a(x).
1
Let q(r) = r**3 + r**2 - 4*r. Let f(t) = -5*t**3 - 3*t**2 + 17*t + 1. Let n(g) = 2*f(g) + 9*q(g). Calculate n(2).
2
Let o(v) = -9*v - 2. Let l be (2 - (6 + -5))*-2. What is o(l)?
16
Let b(z) = -z**2 + 13*z - 7. Let y be b(12). Let k(w) = -2*w + 3*w - 4 + w. What is k(y)?
6
Let u(p) = -4*p**2 + 3*p**3 + 5*p - p**3 - 3*p**3 - 2. Suppose -7 = 2*n + 3. Determine u(n).
-2
Let l(z) = -z**2 - 5*z + 6. Suppose -30 = 4*b - 10. Give l(b).
6
Let t be 4/6*3/(-2). Let p(g) = 12*g**3 + g**2 - 2*g - 3. Let k(m) = -25*m**3 - 2*m**2 + 5*m + 7. Let n(q) = 3*k(q) + 7*p(q). Calculate n(t).
-9
Suppose -2 - 14 = 2*q. Let w = -5 - q. Let j(p) = 4 + p**2 + 3*p - 1 + w*p. Calculate j(-2).
-5
Let q(l) = -1 - l + 6*l + 0. Calculate q(3).
14
Suppose -3*d - 5 = 13. Let g be -3*d/27*3. Let h(v) be the first derivative of -v**4/2 + v**3/3 + 3*v**2/2 - 2*v + 2. Give h(g).
-8
Let v(g) be the third derivative of -g**6/120 - g**5/15 - g**4/24 + g**3/6 + 2*g**2. Give v(-3).
-5
Let c(h) = h**2 + 5*h + 7. Let q be (1/((-8)/(-20)))/((-1)/2). Calculate c(q).
7
Let n(c) = -4 - 7 - 3*c + c**3 + 5 + 9*c**2 - 5*c**2. Suppose -12 = -0*w + 3*w. What is n(w)?
6
Let f be (-4)/(8/(-3))*2. Let v(x) = 5*x**2 - 3*x**3 + 3 + 2*x**3 + f*x + 0 + 4. Give v(6).
-11
Let t(j) be the first derivative of 4*j**2 - j + 18. What is t(1)?
7
Let a(j) = -j**2 + 2*j + 4*j - 2 - 3*j - 1. Suppose -2 + 0 = -v. Calculate a(v).
-1
Let u = -1 - -2. Let a = 2 - u. Let l(t) be the second derivative of -t**3/6 - 5*t. Determine l(a).
-1
Let l(x) = 2*x**3 + 8 - 5*x**3 + 10*x**2 + 4*x**3 - 4*x**2. What is l(-6)?
8
Let p(s) = -5*s**2 + 2*s - 1. Let m be p(1). Let q(d) = 0*d + d + 3*d - 2*d + 6. Calculate q(m).
-2
Let u(g) be the third derivative of -1/24*g**4 + 0 - 3*g**2 + 1/6*g**3 + 0*g. Determine u(3).
-2
Let o(i) = 7*i**3 + i**2 + i + 1. Let j(p) = -p**3 + 10*p**2 - 9*p - 1. Let b be j(9). What is o(b)?
-6
Let r(v) = v + 4. Let n(b) = b + 2. Let i be n(-5). Let k be r(i). Let u(a) = -a**2 + a - 1. Calculate u(k).
-1
Suppose 5*i = -5*g + 8 + 7, -2*g + i = -12. Let b(n) = g*n - 4 + 9*n**2 - 5*n**2 - 3*n**2. Give b(-5).
-4
Let t(w) = -4*w + 6 - 5 + 5 + 6*w**2 - 7*w**2. Suppose 2*m + 19 = 2*y + 7, -3*m - 18 = -y. What is t(m)?
-6
Let t(y) = -y**3 + 10*y**2 - y + 4. Let i be t(10). Let m(c) be the third derivative of -c**4/8 - 4*c**3/3 + 10*c**2. What is m(i)?
10
Let p(b) = b**3 - 5*b**2 + 6*b + 1. Let c be p(3). Let z be (-6 + (3 - c))*1. Let f(a) = a**2 + 5*a + 4. Determine f(z).
0
Let t(w) be the first derivative of -w**4 + w**3/3 - w - 2. Suppose 0*o = -5*c - 2*o - 5, 0 = -5*o. Determine t(c).
4
Suppose -5*f + 16 + 9 = 0. Suppose -w = -0*a + 3*a - 15, -f*w + 3*a + 3 = 0. Let l(k) be the first derivative of k**4/4 - k**3 + k**2 - k + 1. Determine l(w).
5
Suppose 2*r + r - 6 = 0. Suppose d - 4*c + 31 = -r*d, -5*d = 5*c + 5. Let q(h) = -h**2 - 4*h - 2. Calculate q(d).
-7
Let g(k) be the third derivative of k**4/6 - k**3 + 40*k**2. Calculate g(4).
10
Let l(i) = -2*i + 5 - 2*i + 5*i. Give l(-4).
1
Let d(t) = -t**2 - 2*t + 1. Let z(k) = k**2 + k - 1. Suppose 3*b + 18 = -0*b. Let g = b - -3. Let a(h) = g*d(h) - 2*z(h). Give a(-4).
-1
Let i(x) = x + 1. Let m(j) = -6*j - 1. Let h(f) = -7*f - 1. Let l(s) = 4*h(s) - 5*m(s). Suppose -r + 4 = -0*r. Let d(u) = r*l(u) - 6*i(u). Determine d(3).
4
Let z be (3*-4)/((-10)/5). Let l(a) = -2*a**3 + 4*a + 3. Let r be l(-2). Let w(d) = -5*d**2 + 5*d - r*d + 0*d**2 + d**3 + 1. What is w(z)?
1
Let u = 16 + -11. Let b(m) = -3*m + 5*m + m**2 - 4 - u*m + 5*m. Suppose -r + 0 = 4. Give b(r).
4
Let k be (-1)/(-4) + 9/(-4). Let f(c) = 3*c**3 + c**2 + c. Let j(o) = 4*o**3 + o + 1. Suppose 2*g - 2 = 2. Let x(m) = g*j(m) - 3*f(m). Give x(k).
0
Let g(h) = -h - 1. Let s = 9 - -30. Suppose -5*l = -z - 1 + 20, -4*z - 3*l - s = 0. Calculate g(z).
5
Let n(c) be the first derivative of -c**4/4 - 5*c**3/3 - c**2/2 - 2*c - 4. What is n(-5)?
3
Let t(r) = r**2 - r + 13. Let f be t(0). Suppose i - 3*k = 2 + 17, -5*k - f = 3*i. Let n(m) = -m**3 + 4*m**2 - m - 5. What is n(i)?
-9
Let p(h) = h**3 - h**2 - h - 1. Let w(x) = -6*x**3 + 12*x**2 + 6*x + 2. Let l(f) = -5*p(f) - w(f). Calculate l(7).
-4
Let m(k) = -5*k - 2*k + 1 - 2*k**2 - 2*k**2 + 3*k**2. Give m(-5).
11
Let v(r) = 9*r**3 - 7*r**2 - r. Let d(j) = j**2. Let u(p) = 6*d(p) + v(p). Give u(-1).
-9
Let w(u) = 2*u + 7. Let a(o) = -o**3 + 24*o**2 - 22*o - 30. Let g be a(23). What is w(g)?
-7
Let x = -37 - -43. Let o(j) = j**2 - 5*j + 4. Calculate o(x).
10
Let s(v) = -v**2 - 2*v + 4. Suppose 3*k + 11 = 2*u, 4*u - 3*u = k + 4. Give s(k).
1
Let v(l) = l**2 + 6*l + 7. Suppose 4*w - 2 = 3*b + 2, 3*b + 2*w - 20 = 0. Suppose 5*t = b*y + 39, 0*y = -y + 3*t - 15. Determine v(y).
7
Let q(w) = w**2 - 6*w**2 + 2 - 4 + 3*w - 2*w**3 + 4*w**2. Give q(2).
-16
Let d(r) be the first derivative of r**4/4 - r**3 + 2*r**2 + r + 9. Give d(3).
13
Let g(p) be the first derivative of 3*p**2 + p**2 - p - 5*p**2 - p - 1. Determine g(3).
-8
Let g(q) = 2*q + 7. Suppose a = 2 - 8. What is g(a)?
-5
Let x be 0 + 5 + (-3)/3. Let i(o) = 2*o - 5. Give i(x).
3
Suppose 11*n = 6*n. Suppose -p + 6 = -n. Let v(d) be the second derivative of d**3/6 - 5*d**2 + 2*d. Calculate v(p).
-4
Let g(t) be the second derivative of -t**5/60 + t**3/6 + 3*t. Let z(j) be the second derivative of g(j). Determine z(2).
-4
Let l(a) = -8*a + 2. Let b(t) = 6*t - 2. Let m(q) = 5*b(q) + 4*l(q). Determine m(2).
-6
Let f(v) = -v**3 - 8*v**2 - 9*v - 6. Let m be f(-7). Let t = m - 6. Suppose -t*s = -8, 2*o + 2*s = s + 12. Let k(p) = -p**3 + 3*p**2 +